 digit of 78/(-117)*(-81)/4*42?
5
Suppose -a - 15 = -d - 4*a, -5*d + 4*a = -94. What is the units digit of ((-7)/14)/((-1)/d)?
9
Suppose 47 + 1 = -2*h - 5*f, -h = 4*f + 24. Let y be 6/(-4)*h/(-18). What is the tens digit of y/8 + (-266)/(-8)?
3
Suppose -2*d = 6 - 2. Let o be d/4*-4 + 0. Suppose 0*w + 60 = 5*w - 5*u, u + 25 = o*w. What is the units digit of w?
3
Let c(f) = -f**3 - 4*f**2 + 2*f - 2. Let h be c(-5). Suppose -h*l = l - 868. What is the tens digit of l?
6
Let h(c) = 107*c + 76. What is the thousands digit of h(32)?
3
Suppose 0 = -5*z - 3*v - 533, 2*z - v + 210 = -3*v. What is the hundreds digit of (z/3)/(1 + 16/(-12))?
1
Let w = 6 + -1. Let o(i) = i**2 + 19 - i + 18 - 28. What is the tens digit of o(w)?
2
What is the tens digit of (-5 - 768 - 3)/(-2)?
8
Let z(p) = 81*p - 134. What is the hundreds digit of z(6)?
3
Let p be 2118/(-24) + 2/8. Let x be 2/(-3) + p/(-6). Suppose -x - 41 = -5*l. What is the tens digit of l?
1
Let r(v) be the third derivative of v**5/60 - 13*v**4/24 + 3*v**3/2 - 2*v**2. Let o be r(13). Let i(k) = 5*k - 2. What is the tens digit of i(o)?
4
Let n(t) = 63*t + 12. What is the tens digit of n(11)?
0
Let m be 36/(-15) + 2 - 84/(-10). Suppose m*a = -4*y + 3*a + 371, -2*y - 3*a + 185 = 0. What is the tens digit of y?
9
Suppose -5*x - 5*m + 560 = 0, 0*x + m = -3*x + 328. Suppose x = 2*s - 26. What is the units digit of s?
7
What is the units digit of 2/6 + (-74210)/(-30)?
4
Suppose 5*d - 38 = -13. Suppose 51 = -4*k + 4*u + 411, -2*k = -d*u - 192. What is the units digit of k?
6
Let m(l) = -2978*l + 46. What is the thousands digit of m(-1)?
3
Let j = -57 + 30. What is the tens digit of ((-9)/j)/((-1)/(-423))?
4
Let v(m) = m**3 + 7*m**2 - 7*m - 12. What is the hundreds digit of v(6)?
4
What is the hundreds digit of -3 + 4 + 1765 - -4?
7
Let i = 416 + 57. What is the hundreds digit of i?
4
Let d = -10 + 13. Suppose 156 = -4*t + 3*q + 613, -d*t + 2*q = -342. What is the units digit of (t/35)/((-4)/(-30))?
4
Let s(p) = p**2 - 6*p - 9. Let f be s(5). Let h = 21 + f. Suppose -15 = -m + h. What is the units digit of m?
2
Suppose 0*d - 5*d + 1128 = 2*n, -2*n + 1140 = 2*d. Let m be (-1)/(-5) + n/(-70). Let q = 17 - m. What is the tens digit of q?
2
Let l = -1358 + 3394. What is the hundreds digit of l?
0
Suppose -3*i = -5*i + 2. Suppose 73 = l - i. What is the tens digit of l?
7
Suppose 0*d + 102 = 2*d. Suppose 145 = -4*l - s, -8*l - s - 250 = -l. Let f = l + d. What is the units digit of f?
6
Let m = 651 + -378. What is the hundreds digit of m?
2
Suppose 63*k - 59*k - 1664 = -p, k + 5*p = 435. What is the tens digit of k?
1
Suppose x - 3*y - 927 = 0, x - 1073 = 4*y - 144. What is the hundreds digit of x?
9
Let q(h) = 28*h**2 - 3*h + 3. Let c be q(1). Let y = 43 + c. What is the tens digit of y?
7
What is the tens digit of 39518/20 - 18/(-180)?
7
Let c(f) = 12*f**2 - 64*f - 17. What is the hundreds digit of c(-10)?
8
Suppose -4*w - 199 = -4*n - w, 0 = n + 4*w - 26. What is the units digit of n?
6
Let i(s) = -s**3 - 8*s**2 + 10*s - 41. What is the tens digit of i(-14)?
9
Let c be 18850/(-60) + (-2)/(-12). Let s = c - -474. What is the hundreds digit of s?
1
Suppose 7*h - 2 = 6*h, -12506 = -4*t - 3*h. What is the hundreds digit of t?
1
Let r = 49 - 25. Suppose -3*k = 5*d + r, 4*d - 2*k + 6 + 0 = 0. What is the units digit of (-37 - -1)/d - -2?
4
Let t(h) be the first derivative of h**5/20 - h**4/8 + 8*h**3/3 + 7. Let a(d) be the third derivative of t(d). What is the units digit of a(13)?
5
Suppose 0 = -5*p - i + 26, -16 = -4*p - 0*i + 4*i. Suppose 0*h - p*h + 150 = 0. What is the tens digit of h?
3
Let u(a) = -4*a**3 + 10*a**2 + a - 2. Let o(r) = 3*r**3 - 9*r**2 + 3. Let m(b) = -3*o(b) - 2*u(b). Let z = 7 - 2. What is the units digit of m(z)?
5
Suppose -112*v = -155*v + 120271. What is the thousands digit of v?
2
Let v(l) be the second derivative of -l**5/20 + l**4/2 + l**3/3 + 4*l**2 - 5*l. Let f = 17 + -11. What is the tens digit of v(f)?
2
Let u = 36 - 34. Let v(n) = -9*n**3 + n**2 + 2*n + 1. Let y be v(u). Let w = 102 + y. What is the units digit of w?
9
Suppose -25 = 3*g - 31. Suppose -2*h + 405 = 5*w, -243 = -w - g*w - 5*h. What is the tens digit of w?
8
Suppose q = 4*q - 24. Let v(g) = -g**2 + 13*g - 12. What is the units digit of v(q)?
8
Let g(c) = 10*c**2 - c + 1. Let s be g(-1). Let w be ((-4)/s)/(2/(-18)). Suppose 9 = w*m, -3*q - 4*m - 2 + 20 = 0. What is the units digit of q?
2
Suppose 9*d = 4*d - 140. Let g = d + 77. What is the units digit of g?
9
Let k = 13 - 6. Suppose -j - 5 = -k. Suppose -j*a + 25 = -a. What is the tens digit of a?
2
Let q(l) = l - 3. Let f be q(4). Let j be (-8)/12*(-5 - f). Suppose -j*g + 8 = -72. What is the units digit of g?
0
Let g(t) = -2339*t - 40. What is the hundreds digit of g(-1)?
2
Let h(b) = 288*b**2 + 7*b + 1. What is the tens digit of h(-2)?
3
Suppose 0*x + 5*x = -3*r + 45, 0 = -2*x - 2*r + 22. Suppose x*v - 5*v - 77 = 0. What is the tens digit of v?
7
Let t(o) = -o**3 + o. Let s(m) = 3*m**3 + 15*m**2 + 13*m + 6. Let a = 23 + -24. Let u(x) = a*s(x) - 2*t(x). What is the units digit of u(-14)?
8
What is the hundreds digit of 7/1 - (12 + -7) - -761?
7
Suppose 4431 = -100*p + 107*p. What is the units digit of p?
3
Let r = 11 + -6. Suppose 4*q + 12 = -r*x, -4*q + 4*x - 21 = 27. What is the tens digit of (-5 - q)/((-1)/(-12))?
3
Let q be 19 - 18 - (1 + -24). Let v(m) = -m**2 + 29*m - 70. What is the units digit of v(q)?
0
Suppose 3*n + 356 = 2*x + 1395, 4*n - 1357 = -3*x. What is the tens digit of n?
4
Let c(f) = -f**3 - 3*f**2 + f + 6. Let b be c(-3). Suppose -30 = -b*t + 9. What is the units digit of 5*t - (-3)/1?
8
What is the units digit of (34/(-391) + 70244/23)*1?
4
Let k be (-14)/21*6/(-2). Suppose 4*q = 4*y - 544, -3*y + k*y + 4*q = -130. What is the hundreds digit of y?
1
Let y = -145 + 248. Suppose y - 295 = -4*c. What is the units digit of c?
8
What is the units digit of ((-297)/66)/(2/(-72))?
2
Suppose 354 = 5*g - 3821. What is the tens digit of g?
3
Suppose n - 3*z - 732 = 0, 5*n - 3700 = -0*n + 5*z. What is the units digit of n?
4
Let b = -35 + 39. Suppose -s + 24 = 2*s - l, 3*l = b*s - 27. What is the units digit of s?
9
Let t be (-3 + 68/20)*10. Let j be (-2799)/(-18) - 2/t. What is the tens digit of j/6 - 16/(-96)?
2
Let v(r) = -2*r**3 - 10*r**2 + 2. Let d be v(-5). Suppose -3*s = d*l - 80, 4*s - 133 = -s - 3*l. What is the tens digit of s?
2
Suppose -22*u = -24*u + 6. What is the tens digit of -2 + u + (65 - -1)?
6
What is the hundreds digit of (-98)/((-1)/8 + (-9)/312)?
6
Let p = -2696 - -4111. What is the units digit of p?
5
Suppose 5*h - t = 521, -16*h - 210 = -18*h + 2*t. What is the tens digit of h?
0
Suppose 29*c - 20115 = 14*c. What is the tens digit of c?
4
Let h = 490 + -156. What is the hundreds digit of h?
3
Suppose -u - 5 + 7 = 0. Suppose -3*h + 2*a + 232 = 0, u*a + 0*a + 388 = 5*h. Suppose -h = -5*f + 52. What is the units digit of f?
6
Let v = -16 - -106. Suppose b - v = 1. Suppose -b = -2*f - 5*t, -3*t + 147 = -2*f + 6*f. What is the units digit of f?
3
Let b be (-2)/(-8) + (-559)/(-52). Suppose b*j = -j + 552. What is the units digit of j?
6
Let s(x) = 14*x**2 + 26*x - 4. What is the hundreds digit of s(-6)?
3
Suppose -653 = -3*y + 607. What is the units digit of y?
0
Suppose 5*t = 5*j + 190, -3*j - 59 = -4*t + 89. What is the units digit of t?
4
Let u(i) = 7*i**2 + 1 - 10*i**2 - 26*i**2 - 8*i**2. Let w be u(1). What is the tens digit of (w/21)/(2/(-21))?
1
Suppose -150*s = -155*s + 4220. What is the units digit of s?
4
Suppose -431 = 2*j - 1477. What is the hundreds digit of j?
5
Suppose 3*g + 28 = 4. Let y(w) = -5*w - 3. What is the tens digit of y(g)?
3
Suppose 0*g + 6 = -2*g. What is the units digit of (1 + g)/(6/(-132))?
4
Suppose 86*o = 81*o + 1700. What is the hundreds digit of o?
3
Let z be ((-6)/(-9))/(2/(-9))*-1. Let b = 151 - 67. Suppose -z*g - 126 = -3*u - g, -2*u = 4*g - b. What is the units digit of u?
2
Let q = 7241 + -3853. What is the hundreds digit of q?
3
Let m(k) be the third derivative of 0*k + 1/6*k**5 + 0 + 1/24*k**4 + 0*k**3 + 5*k**2. What is the units digit of m(-1)?
9
Suppose -5*o - 12 = 4*s, 0 = -s - 2*o - 3*o + 12. Let w(u) = -u**3 - 6*u**2 - u - 21. What is the units digit of w(s)?
5
Let u(q) = q**2 + 10*q + 8. Let 